 -3*t + u*r, 0*t - 16 = -2*t + 4*r. What is the units digit of t?
6
Let z be 3*(6 - 160/12). Let k = z + 178. What is the units digit of k?
6
Suppose 0 = 6*u - 78 - 498. What is the tens digit of ((-32)/u)/(1/(-699))?
3
Let f = 669 - -100. Let p = -459 + f. What is the units digit of p?
0
Let h(x) = -17*x - 32. Let i be h(-3). Suppose -963 = -22*k + i*k. What is the units digit of k?
1
Suppose 2*x = 2*n - 88 + 6, n - 161 = 4*x. Let u = 42 + x. Suppose u*d = -y + 92, 2*d - 56 = 2*y + 36. What is the tens digit of d?
4
Let u be 37 + -28 - 7*1. Suppose -2*n + 235 = u*j - 43, -5*j + 25 = 0. What is the hundreds digit of n?
1
Let r = -42 + 43. Suppose 5*q - j - 11 = 0, r = 4*q - 5*q - 3*j. Suppose -121 = -4*l - 3*n, l + q*n = -0*n + 24. What is the units digit of l?
4
Suppose -y - 2*y + 42 = 4*m, -3*y = -5*m - 15. Suppose -4*x + 2*c = -0*x + y, -5*c + 25 = 4*x. Suppose x = 2*o + 3*o - 165. What is the tens digit of o?
3
Let s be 9 - ((-76)/57)/(2/3). Suppose s*d - 7713 - 1967 = 0. What is the hundreds digit of d?
8
Suppose 0 = -6*v + v + 3*u - 747, 4*v = 5*u - 608. Let l be 88 - ((-2)/(-17) + v/(-51)). Let w = l + 46. What is the hundreds digit of w?
1
Suppose -1 = 4*z - 17. Suppose 3*n - 2*k + 192 = z*n, -5*n + 5*k + 975 = 0. What is the tens digit of n?
9
Let q = 23678 + -8560. What is the thousands digit of q?
5
Let d be ((-62)/(-4))/((-3)/30*-5). Let p = d - 27. Suppose -p*y = 4*t - 684, 0 = -5*y + t + 4*t + 905. What is the tens digit of y?
7
Let k(m) = -46262*m**3 + 50*m + 50. What is the units digit of k(-1)?
2
Suppose 0 = -q + 110 + 132. Suppose 5*r - 630 = -5*s, -6*s = -2*r - 10*s + q. What is the units digit of r?
1
Let j = 409 + -396. Let m(d) = -26*d + 348. What is the tens digit of m(j)?
1
Let s be (1 + 4)/(15/711). Let u = s - -103. What is the hundreds digit of u?
3
Suppose -48*u = -195*u + 1401939. What is the units digit of u?
7
Let i(m) be the third derivative of -137*m**4/12 + 15*m**3/2 + 30*m**2 - 3*m. What is the thousands digit of i(-4)?
1
Suppose 0 = 3*v - i - 30, v + i + 1 = 5*i. Suppose 2*q - 9 = v. Let o = q - -10. What is the units digit of o?
0
Suppose 0 = 5*j + 8*j - 65. Suppose -3*g + j*i + 323 = 0, 4*g - 223 = 2*i + 203. Let f = 268 - g. What is the units digit of f?
2
Let n(f) = 5*f**2 - 9*f + 8. Let t be n(2). Let d be 122/5 + 12/20. Let y = d + t. What is the tens digit of y?
3
Suppose 7*a + 868519 + 437999 = 41*a. What is the thousands digit of a?
8
Let j(k) be the third derivative of 5/4*k**4 - 42*k**2 + 0*k - 7/6*k**3 + 0. What is the hundreds digit of j(9)?
2
What is the units digit of 17/(408/1116072) + 22?
5
Let v be 4 + -1 + 4/(-2). Let n(r) = r - 1. Let f(k) = 72*k**2 - 2*k + 3. Let l(i) = v*f(i) + n(i). What is the tens digit of l(1)?
7
Let n = -92 + 102. Suppose -3*b + 4 = -5*i, i - 4*b - n = 2*i. Let u = 63 + i. What is the tens digit of u?
6
Suppose 5*x + 3*u + 40 = 0, 0 = -x + 16*u - 14*u + 5. What is the units digit of 70*5*(x - -7)?
0
Let n = 11908 + 28993. What is the ten thousands digit of n?
4
Let m be (-4)/(-12) + (-29544)/(-9). Suppose 2426 = 33*y - m. What is the units digit of y?
3
Suppose 320*l - 345*l = -382825. What is the thousands digit of l?
5
Suppose -73984 = -7*r - k, -25*r = -24*r - 2*k - 10582. What is the ten thousands digit of r?
1
Let h(y) = 3*y + 21. Let g be h(-6). Suppose -2*b - 6 - 4 = 0, -g*a - b + 130 = 0. Let c = 16 + a. What is the tens digit of c?
6
Suppose -79996 = 29*z - 122*z + 239738. What is the tens digit of z?
3
Suppose 138*l - 29271 = -3*f + 133*l, -19514 = -2*f + 4*l. What is the units digit of f?
7
What is the tens digit of (-2)/(((-1)/((-1122)/(-6)))/40)?
6
Suppose 10*u - 1756 = -12246. Let g = u + 1828. What is the hundreds digit of g?
7
Let o be 5/(-4)*(62 - 78). Suppose -4778 - 9322 = -o*z. What is the hundreds digit of z?
7
Let l = -28 - -33. Suppose 37 + 30 = -v + 5*w, -5 = -l*w. Let o = v - -95. What is the units digit of o?
3
Let w(q) = 16*q + 153. What is the tens digit of w(3)?
0
Let p(c) = -c + 131. Let d(x) = -3*x**3 - 2*x + 5. Let k be d(-2). What is the units digit of p(k)?
8
Let c = -13709 - -23179. What is the hundreds digit of c?
4
Let q = 0 + 14. Suppose -9*s - 104 = -122. What is the units digit of (q/4 - s) + 616/16?
0
What is the units digit of (-50)/(-1125)*883105 - (-2)/(-18)?
9
Let u be (-19155)/(-9) - ((-100)/15 + 6). Suppose -5*b + 10*b = -3*s + u, -3*s = -5*b + 2111. What is the units digit of b?
4
What is the hundreds digit of ((-1095)/12)/(6/(-72))?
0
Let s = 32 - -2. Suppose 5*c + s = 14. Let y(z) = -z + 23. What is the tens digit of y(c)?
2
Let b be 87/15 + (-60)/75. Let j(o) = -2*o**2 + o + 25. Let k(x) = -3*x**2 + x + 24. Let a(i) = 4*j(i) - 5*k(i). What is the units digit of a(b)?
0
What is the tens digit of (2 - 5342/(-15)) + (-16)/120?
5
Let o be (4560/18)/10 + 2/3. Suppose 5*m - 3*l = 1563, m - 22*l + o*l - 308 = 0. What is the hundreds digit of m?
3
Let q be (-3 + 4)/(-1)*-4. Suppose -q*u + 5*u = 5*o + 77, 0 = -4*o + 5*u - 49. What is the hundreds digit of 970/8 + 4/o?
1
Suppose -z - 5712 = -13*z. Let a = z - 162. What is the hundreds digit of a?
3
Let k(j) = -35*j**3 - 8*j + 5. Let f be k(3). Let u = 1417 + f. What is the hundreds digit of u?
4
Let w(m) = 8*m + 45. Let b be w(-5). Suppose 4*r - b*c - 3135 = 0, 4*r + 6*c - 3111 = 3*c. What is the hundreds digit of r?
7
Suppose 5*m - 4*y = 64, -12 = -y - 13. Suppose 61 = m*j - 11. What is the tens digit of (-112)/(-24)*(141/j - -2)?
1
Let r be (3/(-6))/((-3)/(-36)). What is the units digit of -10*(-1)/(1/((-3)/r))?
5
Let a(w) = -w**3 - 8*w**2 + 8*w + 11. Let c be a(-8). Let n = -51 - c. Suppose -2*j = n*x - j - 198, -x - j = -98. What is the tens digit of x?
0
Let y = -40912 - -69215. What is the thousands digit of y?
8
Suppose -12*o + 258 = -10*o. Suppose 6*s + 2*l = 3*s + 427, s - o = -4*l. Suppose -63 = -t - 2*a, 4*t - s = a + 152. What is the units digit of t?
3
Suppose -3*o + o - 7 = -u, 0 = o + 2. Suppose 2*i = 5*b + 10 + u, -10 = -3*i - 2*b. Let n(t) = 31*t - 17. What is the tens digit of n(i)?
0
Let l = -49 + 63. Suppose l*a = 3014 + 5162. What is the hundreds digit of a?
5
Let j be (2 + 0)*((-474)/(-12) + 2). Suppose 3*v - 243 = 3*k, v - 8*k - j = -6*k. What is the units digit of v?
9
What is the hundreds digit of -7*(-2310)/(-539)*(2 - 884/5)?
2
Suppose -3*x + 57 = 5*v, 5*v + 38 = x + x. Let f = x - 15. Suppose 0 = -y - 2*k + f*k + 222, 5*y + k = 1110. What is the hundreds digit of y?
2
Suppose 3*n - 94*v = -96*v + 14731, -4*n = -17*v - 19484. What is the thousands digit of n?
4
Let w = 2782 + -1123. What is the tens digit of w?
5
Suppose -32008 - 12806 = -2*p. What is the hundreds digit of p?
4
Suppose 3*h - 392 = 7*h. Let f be (-15)/((-225)/6) + 198/30. What is the tens digit of (-28)/h + 110/f?
1
Let z(c) = -43*c - 447. Let a be z(-13). Suppose -5*y + 354 = -836. Suppose -3*d = 4*n - y, -5*d = 2*n - 0*d - a. What is the tens digit of n?
6
Suppose 79*k + 367453 - 1718408 = -62544. What is the units digit of k?
9
Let j(h) = h**3 - 7*h**2 + 3*h - 10. Let a be j(7). Suppose 220 = 22*l - a*l. What is the units digit of l?
0
Let l = -24478 - -34445. What is the tens digit of l?
6
Let f(v) = 3*v**2 - 161*v - 34. What is the hundreds digit of f(96)?
1
Let p(j) = 6*j - 74. Let r be p(13). What is the tens digit of r/(-46) - (-104702)/598?
7
What is the thousands digit of 11*-879*(5 - (-22)/(-3))?
2
What is the thousands digit of ((-799)/188)/(1/(-1384))?
5
Let j(q) = q**3 + 4*q**2 - 2*q + 19. Let p be j(-5). Suppose 3*o - 165 = p*v, -3*v = o - 5*v - 57. What is the units digit of o?
1
Suppose 15*s = 11*s + 8. Let f be -3 - (11/3 - s/3). Let r(t) = -t**3 - 4*t**2 + 3*t + 1. What is the tens digit of r(f)?
5
Suppose 166*o - 167*o - 4*m = -644, -1252 = -2*o + 4*m. What is the units digit of o?
2
What is the hundreds digit of ((-27741)/12 + -2)/(((-855)/(-240))/(-19))?
3
Let u(p) = -p**3 + 24*p**2 + 17*p + 25. Let a be u(25). What is the tens digit of a/(-50)*852/7?
2
Suppose 27 = -10*w + 27. Suppose 7*d - 5223 - 5564 = w. What is the hundreds digit of d?
5
Let c = 25428 - 17619. What is the tens digit of c?
0
What is the units digit of (-34 + -229)/(2/(-14))?
1
Let y(z) = 51*z**3 - 7*z**2 - 8*z - 1. Let h be y(-4). What is the hundreds digit of (-5)/(-3*(-5)/h)?
1
Let o